rime factors of y?
3, 5
Let w = -1 - -1. Let l(h) = 2*h**2 - 4*h - 6. Let z be l(5). Suppose r + r - z = w. List the prime factors of r.
2, 3
Suppose -2*u = -5*i + 30, 5*i - 2*u + 6*u = 30. What are the prime factors of i?
2, 3
What are the prime factors of -5*2/10*-51?
3, 17
Let v(z) = -z**3 + 2*z**2 - 1. Let r be v(1). Suppose r = -p + 8 + 5. List the prime factors of p.
13
Let d be ((-1)/(-2))/(1/2). What are the prime factors of 2/((-4)/d)*-46?
23
Let l(k) = -k**2 + 6*k + 8. Let b be l(7). What are the prime factors of b/((-1)/(-1)) + 9?
2, 5
Let y = 14 + -5. Suppose -2*t + y + 3 = 0. Let w(a) = -a**3 + 7*a**2 - 5*a. List the prime factors of w(t).
2, 3
Suppose 187 = x + 4*t - 9*t, 0 = 5*x - 4*t - 1019. What are the prime factors of x?
3, 23
Let w = -5 - -8. What are the prime factors of w?
3
Let q be (-1)/(2/(-12)) + 2. Let t(r) = r**2 - 4*r - 2. List the prime factors of t(q).
2, 3, 5
Let i = 23 + 1. Suppose -i = -2*d - 2*d. List the prime factors of d.
2, 3
Let r be 28/10 - (-1)/5. Suppose -2*u = -r*w - 0*u, 0 = -5*w - 5*u. Suppose 0*y + 2*y - 6 = w. List the prime factors of y.
3
Let r = -12 - -1. Let f = r + 6. List the prime factors of 5/f + 3 + 0.
2
What are the prime factors of (-159)/((-8)/((-80)/(-15)))?
2, 53
Let u(p) = p + 1. Suppose 0 = -s - 0*s - 2. Let k be u(s). Let c = k + 8. List the prime factors of c.
7
Let y be (-1)/2 - (-83)/2. Let f = -23 + y. Suppose -4*b - f = -3*d + 27, 2*b + 28 = 2*d. List the prime factors of d.
11
List the prime factors of (13 - 0) + (-9 - -10).
2, 7
Suppose 5*p - 2*p - 6 = 0. Suppose p*y - 14 = -0*y. What are the prime factors of y?
7
Let d(g) = 2*g + g**2 + 7*g - 6 + 5*g**2 - g**3. Let l be d(7). Suppose -3*o - 4 = -3*a - 28, -2*a + l = 2*o. List the prime factors of o.
2, 3
List the prime factors of 240 - -9 - (-2 - 1).
2, 3, 7
Let z(v) = 2*v**2 + 2*v + 1. Suppose 4 = 2*g - 3*p, 5*g - 4*p + 1 = -3. What are the prime factors of z(g)?
5
Let n(f) = 2*f. Let g = 4 - 7. Let t = g + 8. What are the prime factors of n(t)?
2, 5
Let q(s) = 17*s**2 + s + 1. Suppose 0 + 2 = -2*k. List the prime factors of q(k).
17
Let o(f) = -7*f - 17. List the prime factors of o(-7).
2
List the prime factors of (3 - (0 + 2))*5.
5
What are the prime factors of (1 - 9/6)*-16?
2
Suppose -5*q - 4*u - 2 = 0, 2*q - 3 = -q - u. Suppose 20 = q*o - 2*x, 0 = 2*o + 2*x + 3*x + 1. What are the prime factors of o?
7
Let h = -28 + 58. List the prime factors of h.
2, 3, 5
Let o be (2/4)/((-1)/2). Let d = o + 5. Suppose -d*b + 3 + 21 = 0. What are the prime factors of b?
2, 3
Suppose 5*p - 346 - 264 = 0. What are the prime factors of p?
2, 61
Let n = -17 - -7. Let r be 2 - (2 + -1) - -16. Let p = n + r. What are the prime factors of p?
7
Let l be 4 + (0 - 2/2). Suppose s - 8 = -l*s. Suppose 7*i - 55 = s*i. What are the prime factors of i?
11
Let o = 38 - 2. Let w = o - -10. List the prime factors of w.
2, 23
Suppose 0 = 5*n + 4*d - 1128, n - 182 = -3*d + 37. Suppose n - 68 = 5*r. List the prime factors of r.
2
Suppose 4*l + 7 = -13, -275 = -5*d - l. List the prime factors of d.
2, 7
Suppose -50 - 195 = -5*y. List the prime factors of y.
7
Let m(t) = 6*t - 2. Let u(b) = -b + 8. Let n be u(5). Suppose n*p = 2*p + 3. What are the prime factors of m(p)?
2
Let o(b) be the third derivative of -b**5/60 - b**4/24 + 7*b**3/3 + 2*b**2. List the prime factors of o(0).
2, 7
Let g = 12 + -13. What are the prime factors of 26 + g - (4 + -2)?
23
Let o = -1 - 1. Let s = o + 6. Suppose -4*w + s + 12 = 0. List the prime factors of w.
2
Suppose 4*g + a + 0*a - 137 = 0, 0 = a - 1. What are the prime factors of g?
2, 17
Let r = -64 + 106. Suppose -3*k + 33 = -3*j, -4*k - 5*j - r = -8*k. List the prime factors of k.
13
Suppose -74 + 2 = -3*y. Let p = y - 11. List the prime factors of p.
13
Let c be 1/4 + 10/(-8). Let s(o) = o**3 - 6*o**2 - o + 3. Let h(q) = -q**2 + q + 1. Let z(y) = c*s(y) + 2*h(y). List the prime factors of z(4).
11
Suppose 0*o + 3*o = c + 8, 0 = -4*o + 4*c + 16. Suppose o*f + 2*l - 34 = f, l - 30 = -f. List the prime factors of f.
2, 13
Let o = -6 + 8. Suppose -o*f = f - 9. What are the prime factors of f?
3
What are the prime factors of ((-2)/8)/(3 - 931/308)?
11
Let b be 8/(-12)*-3 - -1. Let k(m) = -m + 1. Let r be k(1). Suppose -b*y = -r*y - 36. What are the prime factors of y?
2, 3
Suppose 3*v + 60 = -2*v. Let x = v - -25. List the prime factors of x.
13
Let b be (3 + -3)*2/(-4). Suppose 4*v - 6*v + 2*t + 12 = 0, -v + 3*t + 8 = b. Suppose -p + 15 = v. What are the prime factors of p?
2, 5
Let n = -11 - -1. Let q = 6 + 11. Let l = n + q. List the prime factors of l.
7
Let o(a) = -3*a - 4. List the prime factors of o(-5).
11
Let s(g) = -g**3 - 2*g**2 + g + 12. List the prime factors of s(0).
2, 3
Suppose -5*a + 28 = -7. What are the prime factors of a?
7
Suppose 417 = 5*y - 3*b, y + 3*y - 334 = 2*b. List the prime factors of y.
2, 3, 7
Let h(r) = r**3 + 3*r**2 - 3*r - 3. Let q be ((-8)/10)/(6/(-75)). Suppose -3*a = 2*a + q. What are the prime factors of h(a)?
7
Suppose -79 - 6 = -y. Suppose c - 3*b = 25, 5*c - 5*b = -0*b + y. List the prime factors of c.
13
Let o = 366 + -238. List the prime factors of o.
2
Let r = -11 - -20. List the prime factors of (114/r)/((-2)/(-3)).
19
Let z be 38 + (1/(-1) - 2). Suppose 15*l - z = 10*l. List the prime factors of l.
7
Let j(y) = -1 - 2 - y - 4 - 1. Let f be j(-6). What are the prime factors of f/6 - 16/(-3)?
5
Let s be ((-134)/(-3))/(8/12). Suppose -w + 2 - 5 = -4*h, 4*w - 5*h + s = 0. What are the prime factors of 7/21 - w/3?
2
Let a(l) = -2*l + 44. What are the prime factors of a(0)?
2, 11
Suppose 58 = u - 0*u. List the prime factors of u.
2, 29
List the prime factors of 555/25 + (-2)/10.
2, 11
Let b(c) be the second derivative of c**5/20 - c**4/12 - c**3/2 + 2*c**2 - 2*c. What are the prime factors of b(3)?
13
Let m be (-300)/(-16) + (-9)/12. List the prime factors of ((-9)/6)/((-3)/m).
3
Let t(s) = 4*s**2 + 2*s - 1. Let i be t(1). Suppose -2*y = i*h - 20, h - 1 = -4*y - 15. List the prime factors of 2/h*(8 - -1).
3
Let r be (-3)/(60/(-16) - -3). Suppose -r*j + 37 + 39 = 0. List the prime factors of j.
19
Let j = -1 + -2. Let v = j + 2. List the prime factors of (-10)/(-4)*(3 + v).
5
Suppose -3*z + 0 = -n + 46, z + 16 = n. Let m = z + 21. Suppose -m*r + 55 = -r. List the prime factors of r.
11
Suppose 0 = 5*j - 5*g + 4 + 1, 2*j - g = -3. Let i(v) = -v**3 + 1. What are the prime factors of i(j)?
3
Let j(h) = -h**2 + 6*h + 7. Let g(u) = -u**3 - 2*u**2 - 2*u + 2. Let q be g(-2). List the prime factors of j(q).
7
Suppose z + 3*j - 26 = 0, 0*j - 20 = -z + 3*j. List the prime factors of z.
23
Let x = 9 + -8. Let d = 3 + x. List the prime factors of d.
2
Let n(g) = -g**2 - 5*g - 4. Let p be n(-3). Let m = -3 + 5. Suppose 19 = d + 4*t, m*d + p*d - 5*t = 13. List the prime factors of d.
7
Let g(l) = 39*l**2 + 9*l - 6. List the prime factors of g(-3).
2, 3, 53
Let q be (-43)/(-1) - (-3)/(-1). Let n = q - 28. List the prime factors of n.
2, 3
Let q(z) = -2*z**2 + 25*z + 5. Let t(u) = -u**2 + 12*u + 2. Suppose 3*n + 17 = -22. Let o(s) = n*t(s) + 6*q(s). List the prime factors of o(6).
2
Suppose -l + 7 = -2*q + 83, 0 = -3*q + 5*l + 100. Let n = 5 - -25. Suppose 2*z + 2*p - n = 0, 0*p + 4*p + q = z. List the prime factors of z.
2, 5
Suppose h + 5*z = 3*h, 4*h = 3*z + 28. Let u = -5 + h. What are the prime factors of u?
5
Suppose -h = -2*g + 1, 3*h = -h - 20. Let j be (-4 - g) + 0 + -17. Let x = -10 - j. List the prime factors of x.
3
Let q be 6/21 + (-52)/(-14). Suppose q*u + 4*z + 3 + 13 = 0, 0 = -3*u + 3*z - 24. What are the prime factors of u/(-1) - (-5)/5?
7
Let s = 6 + 11. What are the prime factors of s?
17
Let n be ((-4)/14)/(19/(-133)). Suppose -3*k + n*k + 12 = 0. What are the prime factors of k?
2, 3
Suppose 2 + 2 = -j. Let a be 2 + (-9)/(-3) + -11. Let z = j - a. What are the prime factors of z?
2
Let c(a) = a**2 - 2*a + 6. Suppose -4*i + 3 = -5*m + 7, 3*m = -2*i + 20. List the prime factors of c(m).
2, 7
Let f(t) = t - 3. Let q be f(-4). Let o = 12 + q. List the prime factors of o.
5
Let o(v) = 4*v - 6. List the prime factors of o(12).
2, 3, 7
Suppose -g + 0*g = 0. Let l(t) = -t**2 - 6*t + 8. Let p(h) = 2*h**2 + 13*h - 17. Let d(u) = 13*l(u) + 6*p(u). List the prime factors of d(g).
2
Let